se
Does 205 divide 13008070?
True
Is 136 a factor of 44242?
False
Is 1317 a factor of 1729221?
True
Is 111690 a multiple of 34?
True
Is 88020 a multiple of 20?
True
Does 3 divide 631605?
True
Is 8194725 a multiple of 15?
True
Does 145 divide 3625049?
False
Is 21 a factor of 12472?
False
Is 3617483 a multiple of 12?
False
Is 652 a factor of 1815618?
False
Is 723 a factor of 2160824?
False
Is 207693 a multiple of 47?
True
Does 100 divide 788000?
True
Is 1003 a factor of 7609406?
False
Does 88 divide 67036?
False
Does 3 divide 8453?
False
Is 12 a factor of 4352?
False
Does 3 divide 1135577?
False
Is 39 a factor of 1568580?
True
Is 890 a multiple of 2?
True
Is 560 a factor of 1486864?
False
Does 4 divide 833080?
True
Is 5941336 a multiple of 124?
True
Is 106163 a multiple of 32?
False
Is 2 a factor of 46772?
True
Is 27 a factor of 1538028?
True
Does 368 divide 260923?
False
Does 150 divide 2623800?
True
Is 10 a factor of 5529200?
True
Does 54 divide 137052?
True
Is 5 a factor of 155570?
True
Is 633229 a multiple of 16?
False
Does 1503 divide 1546587?
True
Does 9 divide 769086?
True
Is 4497900 a multiple of 188?
True
Does 63 divide 4269699?
True
Is 105 a factor of 186900?
True
Is 15 a factor of 19231?
False
Does 25 divide 236298?
False
Is 19814638 a multiple of 131?
False
Is 241500 a multiple of 175?
True
Is 198 a factor of 12794366?
False
Is 2262380 a multiple of 310?
True
Does 75 divide 1195964?
False
Is 15 a factor of 448050?
True
Is 2076185 a multiple of 122?
False
Is 65 a factor of 92639?
False
Does 4 divide 29735?
False
Does 43 divide 20597?
True
Is 9 a factor of 3074436?
True
Is 355655 a multiple of 5?
True
Does 3 divide 24363?
True
Does 32 divide 1294400?
True
Is 3991440 a multiple of 24?
True
Is 200 a factor of 189200?
True
Is 238 a factor of 14892850?
True
Does 117 divide 209313?
True
Does 2 divide 247892?
True
Is 384288 a multiple of 7?
False
Is 3 a factor of 23655?
True
Is 2146261 a multiple of 13?
True
Is 253 a factor of 900680?
True
Does 177 divide 1852039?
False
Is 863700 a multiple of 4?
True
Is 461736 a multiple of 198?
True
Is 4 a factor of 367827?
False
Does 4 divide 63167?
False
Does 74 divide 511430?
False
Is 39 a factor of 1302360?
False
Is 641 a factor of 16703178?
True
Does 74 divide 13187566?
False
Is 1528 a multiple of 48?
False
Is 214795 a multiple of 7?
True
Is 560 a factor of 1724800?
True
Is 257570 a multiple of 339?
False
Is 5 a factor of 18248?
False
Does 217 divide 630168?
True
Is 214082 a multiple of 16?
False
Is 11 a factor of 4992383?
True
Is 14 a factor of 45405?
False
Is 83 a factor of 313851?
False
Is 873487 a multiple of 413?
False
Is 34 a factor of 467398?
True
Does 510 divide 8242110?
True
Is 17 a factor of 1288736?
True
Is 28 a factor of 4776017?
False
Does 553 divide 3016980?
False
Is 495592 a multiple of 8?
True
Does 5 divide 65119?
False
Does 18 divide 40522?
False
Is 116 a factor of 248500?
False
Is 41 a factor of 1241687?
False
Is 25 a factor of 21239?
False
Is 14 a factor of 965706?
True
Is 34 a factor of 643586?
True
Is 18 a factor of 106740?
True
Is 116588 a multiple of 9?
False
Is 26 a factor of 294320?
True
Is 63317 a multiple of 2?
False
Is 19 a factor of 403522?
True
Is 16554 a multiple of 15?
False
Is 1788185 a multiple of 95?
True
Does 139 divide 980130?
False
Does 110 divide 1081630?
True
Is 8 a factor of 1881888?
True
Is 305471 a multiple of 13?
False
Does 53 divide 15731040?
False
Is 597607 a multiple of 29?
False
Is 897 a factor of 1235169?
True
Does 419 divide 1146457?
False
Does 244 divide 6099756?
True
Is 1210515 a multiple of 15?
True
Does 46 divide 25549?
False
Is 13 a factor of 511523?
False
Does 22 divide 12871859?
False
Does 15 divide 1205039?
False
Does 168 divide 2221968?
True
Is 829399 a multiple of 12?
False
Is 997326 a multiple of 46?
True
Does 12 divide 11357?
False
Is 500 a factor of 2198500?
True
Is 12 a factor of 206339?
False
Is 15092 a multiple of 77?
True
Does 30 divide 5590740?
True
Is 8 a factor of 14513?
False
Is 7 a factor of 18052?
False
Does 184 divide 201112?
True
Does 127 divide 6748?
False
Is 519518 a multiple of 97?
False
Is 39999 a multiple of 225?
False
Is 1594 a factor of 3656636?
True
Is 306 a factor of 4557397?
False
Does 149 divide 347064?
False
Is 4314 a multiple of 94?
False
Does 9 divide 91160?
False
Does 10 divide 458752?
False
Is 16 a factor of 627280?
True
Is 267096 a multiple of 62?
True
Does 26 divide 12646231?
False
Is 5422719 a multiple of 141?
True
Does 10 divide 1274636?
False
Is 222 a factor of 388278?
True
Is 64 a factor of 1206388?
False
Is 24 a factor of 3705178?
False
Is 21 a factor of 325176?
False
Is 226588 a multiple of 74?
True
Is 155 a factor of 1002695?
True
Does 200 divide 417000?
True
Does 32 divide 25664?
True
Does 92 divide 112622?
False
Is 4921695 a multiple of 135?
True
Does 29 divide 119?
False
Is 110672 a multiple of 3?
False
Is 23 a factor of 18493?
False
Is 833796 a multiple of 92?
True
Does 141 divide 364158?
False
Is 62121 a multiple of 22?
False
Is 1294003 a multiple of 43?
False
Does 8 divide 2965015?
False
Does 140 divide 24428302?
False
Does 944 divide 13059175?
False
Is 8832627 a multiple of 11?
False
Is 8926414 a multiple of 109?
False
Does 202 divide 2532263?
False
Is 387 a factor of 1119230?
False
Is 40 a factor of 382190?
False
Is 570372 a multiple of 11?
True
Is 575 a factor of 392714?
False
Is 237 a factor of 30573?
True
Does 1969 divide 19146556?
True
Is 3237798 a multiple of 654?
False
Is 3251053 a multiple of 1049?
False
Is 30 a factor of 113340?
True
Is 11568017 a multiple of 19?
True
Does 215 divide 715108?
False
Is 13 a factor of 27586?
True
Does 13 divide 2653456?
True
Does 7 divide 2056103?
True
Does 332 divide 7728118?
False
Is 291 a factor of 1051383?
True
Is 626613 a multiple of 252?
False
Is 189 a factor of 73899?
True
Is 371 a factor of 3517822?
True
Is 3197 a multiple of 288?
False
Does 12 divide 155975?
False
Is 21226044 a multiple of 99?
False
Is 19779885 a multiple of 23?
True
Is 18 a factor of 1691010?
True
Is 78030 a multiple of 459?
True
Is 1170 a factor of 21968351?
False
Does 11 divide 389870?
False
Does 61 divide 2858853?
False
Is 29 a factor of 11502415?
True
Is 16 a factor of 2765352?
False
Does 21 divide 252801?
False
Is 474560 a multiple of 203?
False
Does 65 divide 766480?
True
Does 97 divide 4095728?
True
Does 20 divide 187885?
False
Is 193 a factor of 1362965?
False
Does 222 divide 806982?
False
Does 13 divide 261742?
True
Does 23 divide 75670?
True
Is 39 a factor of 8417682?
True
Is 263832 a multiple of 369?
False
Is 22113 a multiple of 21?
True
Is 9 a factor of 60243?
False
Is 187096 a multiple of 257?
True
Is 5 a factor of 127320?
True
Does 277 divide 178665?
True
Is 754 a factor of 1036750?
True
Does 49 divide 31164?
True
Is 121419 a multiple of 7?
False
Does 85 divide 241373?
False
Is 5318520 a multiple of 138?
True
Does 196 divide 17437980?
False
Is 20438 a multiple of 23?
False
Does 50 divide 3212602?
False
Is 602901 a multiple of 182?
False
Is 13 a factor of 740012?
True
Is 860936 a multiple of 23?
True
Is 983536 a multiple of 16?
True
Is 1370 a factor of 8221370?
True
Is 564814 a multiple of 18?
False
Does 153 divide 1174341?
False
Is 10401000 a multiple of 9?
False
Is 91 a factor of 18928?
True
Is 102 a factor of 518466?
True
Is 22 a factor of 31922?
True
Does 17 divide 234226?
True
Is 30 a factor of 148468?
False
Is 165 a factor of 463619?
False
Is 23 a factor of 197418?
False
Is 19638 even?
True
Is 15 a factor of 1675523?
False
Is 21 a factor of 2876311?
False
Does 79 divide 467364?
True
Is 29055742 a multiple of 32?
False
Is 1236072 a multiple of 9?
False
Is 1401528 a multiple of 92?
True
Is 12040 a multiple of 28?
True
Is 667152 a multiple of 18?
True
Does 15 divide 16582545?
True
Is 2012496 a multiple of 8?
True
Is 9 a factor of 5318496?
True
Does 6 divide 2727798?
True
Is 11187420 a multiple of 194?
False
Is 685 a factor of 109600?
True
Is 49 a factor of 4903176?
False
Is 1170912 a multiple of 96?
True
Is 95029 a multiple of 299?
False
Does 55 divide 6601485?
True
Is 146756 a multiple of 46?
False
Is 3250192 a multiple of 118?
True
Is 136119 a multiple of 173?
False
Is 10 a factor of 5532315?
False
Is 8 a factor of 131669?
False
Is 8 a factor of 260283?
Fals